{"id":2,"date":"2009-10-15T08:42:40","date_gmt":"2009-10-15T06:42:40","guid":{"rendered":"http:\/\/www.xn--lnghedgrden-x8ag.se\/?page_id=2"},"modified":"2018-06-26T13:55:43","modified_gmt":"2018-06-26T11:55:43","slug":"om","status":"publish","type":"page","link":"http:\/\/www.xn--lnghedgrden-x8ag.se\/?page_id=2","title":{"rendered":"V\u00e5ra rum"},"content":{"rendered":"<p><img loading=\"lazy\" decoding=\"async\" class=\"size-full wp-image-38 alignnone\" title=\"Dubbels\u00e4ng\" src=\"http:\/\/www.xn--lnghedgrden-x8ag.se\/wp-content\/uploads\/2009\/10\/l\u00e5nghed-024b.jpg\" alt=\"Dubbels\u00e4ng\" width=\"300\" height=\"225\" \/><\/p>\n<p>Rum 1<\/p>\n<p>V\u00e5ra charmiga g\u00e4strum \u00e4r alla dubbelrum, vilket f\u00f6rst\u00e5s inte hindrar att de anv\u00e4nds som enkelrum. I tv\u00e5 av rummen finns \u00e4ven plats f\u00f6r en extras\u00e4ng f\u00f6r medf\u00f6ljande barn. Sj\u00e4lvklart, som p\u00e5 klassiska Bed &amp; Breakfast, ing\u00e5r s\u00e4nglinne och st\u00e4dning vid avresan. I direkt anslutning till g\u00e4strummen finns ett duschrum med WC och vid entr\u00e9n ytterligare en g\u00e4sttoalett. Ett av rummen har egen dusch\/WC Sommartid finns sittgrupper i den lummiga tr\u00e4dg\u00e5rden och p\u00e5 verandan. Cafe finns med m\u00f6jlighet till lunch och middag.<\/p>\n<div id=\"attachment_7\" style=\"width: 410px\" class=\"wp-caption alignnone\"><img loading=\"lazy\" decoding=\"async\" aria-describedby=\"caption-attachment-7\" class=\"size-full wp-image-7 \" title=\"bed_lagenhet\" src=\"http:\/\/www.xn--lnghedgrden-x8ag.se\/wp-content\/uploads\/2009\/10\/bed_lagenhet.jpg\" alt=\"Rum med dubbels\u00e4ng\" width=\"400\" height=\"300\" srcset=\"http:\/\/www.xn--lnghedgrden-x8ag.se\/wp-content\/uploads\/2009\/10\/bed_lagenhet.jpg 400w, http:\/\/www.xn--lnghedgrden-x8ag.se\/wp-content\/uploads\/2009\/10\/bed_lagenhet-300x225.jpg 300w\" sizes=\"(max-width: 400px) 100vw, 400px\" \/><p id=\"caption-attachment-7\" class=\"wp-caption-text\">Rum 4 med dubbels\u00e4ng\/dusch WC<\/p><\/div>\n","protected":false},"excerpt":{"rendered":"<p>Rum 1 V\u00e5ra charmiga g\u00e4strum \u00e4r alla dubbelrum, vilket f\u00f6rst\u00e5s inte hindrar att de anv\u00e4nds som enkelrum. I tv\u00e5 av rummen finns \u00e4ven plats f\u00f6r en extras\u00e4ng f\u00f6r medf\u00f6ljande barn. Sj\u00e4lvklart, som p\u00e5 klassiska Bed &amp; Breakfast, ing\u00e5r s\u00e4nglinne och &hellip; <a href=\"http:\/\/www.xn--lnghedgrden-x8ag.se\/?page_id=2\">Forts\u00e4tt l\u00e4sa <span class=\"meta-nav\">&rarr;<\/span><\/a><\/p>\n","protected":false},"author":1,"featured_media":0,"parent":0,"menu_order":2,"comment_status":"closed","ping_status":"closed","template":"","meta":{"ngg_post_thumbnail":0,"footnotes":""},"class_list":["post-2","page","type-page","status-publish","hentry"],"_links":{"self":[{"href":"http:\/\/www.xn--lnghedgrden-x8ag.se\/index.php?rest_route=\/wp\/v2\/pages\/2"}],"collection":[{"href":"http:\/\/www.xn--lnghedgrden-x8ag.se\/index.php?rest_route=\/wp\/v2\/pages"}],"about":[{"href":"http:\/\/www.xn--lnghedgrden-x8ag.se\/index.php?rest_route=\/wp\/v2\/types\/page"}],"author":[{"embeddable":true,"href":"http:\/\/www.xn--lnghedgrden-x8ag.se\/index.php?rest_route=\/wp\/v2\/users\/1"}],"replies":[{"embeddable":true,"href":"http:\/\/www.xn--lnghedgrden-x8ag.se\/index.php?rest_route=%2Fwp%2Fv2%2Fcomments&post=2"}],"version-history":[{"count":12,"href":"http:\/\/www.xn--lnghedgrden-x8ag.se\/index.php?rest_route=\/wp\/v2\/pages\/2\/revisions"}],"predecessor-version":[{"id":222,"href":"http:\/\/www.xn--lnghedgrden-x8ag.se\/index.php?rest_route=\/wp\/v2\/pages\/2\/revisions\/222"}],"wp:attachment":[{"href":"http:\/\/www.xn--lnghedgrden-x8ag.se\/index.php?rest_route=%2Fwp%2Fv2%2Fmedia&parent=2"}],"curies":[{"name":"wp","href":"https:\/\/api.w.org\/{rel}","templated":true}]}}