{"id":20,"date":"2009-10-15T10:00:05","date_gmt":"2009-10-15T08:00:05","guid":{"rendered":"http:\/\/www.xn--lnghedgrden-x8ag.se\/?page_id=20"},"modified":"2018-06-26T14:37:11","modified_gmt":"2018-06-26T12:37:11","slug":"priser","status":"publish","type":"page","link":"https:\/\/www.xn--lnghedgrden-x8ag.se\/?page_id=20","title":{"rendered":"Priser"},"content":{"rendered":"<p>V\u00e5ra dubbelrum kostar fr\u00e5n 600 kronor per natt inklusive frukost och linne f\u00f6r 2 personer.V\u00e5rt st\u00f6rsta rum 4 med dusch wc kostar 900 kronor per natt.<\/p>\n<p>Observera att vi f\u00f6r n\u00e4rvarande inte tar kort, utan det \u00e4r Swish betalning som g\u00e4ller. Kort g\u00e5r bra via bookningen p\u00e5 www.halsingland.se<\/p>\n<p><a href=\"http:\/\/www.xn--lnghedgrden-x8ag.se\/wp-content\/uploads\/2009\/10\/antigua-090.jpg\"><img loading=\"lazy\" decoding=\"async\" class=\"alignleft size-medium wp-image-107\" title=\"antigua 090\" src=\"http:\/\/www.xn--lnghedgrden-x8ag.se\/wp-content\/uploads\/2009\/10\/antigua-090-300x225.jpg\" alt=\"\" width=\"300\" height=\"225\" srcset=\"https:\/\/www.xn--lnghedgrden-x8ag.se\/wp-content\/uploads\/2009\/10\/antigua-090-300x225.jpg 300w, https:\/\/www.xn--lnghedgrden-x8ag.se\/wp-content\/uploads\/2009\/10\/antigua-090-1024x768.jpg 1024w\" sizes=\"(max-width: 300px) 100vw, 300px\" \/><\/a><a href=\"http:\/\/www.xn--lnghedgrden-x8ag.se\/wp-content\/uploads\/2009\/10\/antigua-073.jpg\"><img loading=\"lazy\" decoding=\"async\" class=\"alignleft size-medium wp-image-108\" title=\"antigua 073\" src=\"http:\/\/www.xn--lnghedgrden-x8ag.se\/wp-content\/uploads\/2009\/10\/antigua-073-300x225.jpg\" alt=\"\" width=\"300\" height=\"225\" srcset=\"https:\/\/www.xn--lnghedgrden-x8ag.se\/wp-content\/uploads\/2009\/10\/antigua-073-300x225.jpg 300w, https:\/\/www.xn--lnghedgrden-x8ag.se\/wp-content\/uploads\/2009\/10\/antigua-073-1024x768.jpg 1024w\" sizes=\"(max-width: 300px) 100vw, 300px\" \/><\/a><\/p>\n","protected":false},"excerpt":{"rendered":"<p>V\u00e5ra dubbelrum kostar fr\u00e5n 600 kronor per natt inklusive frukost och linne f\u00f6r 2 personer.V\u00e5rt st\u00f6rsta rum 4 med dusch wc kostar 900 kronor per natt. Observera att vi f\u00f6r n\u00e4rvarande inte tar kort, utan det \u00e4r Swish betalning som &hellip; <a href=\"https:\/\/www.xn--lnghedgrden-x8ag.se\/?page_id=20\">Forts\u00e4tt l\u00e4sa <span class=\"meta-nav\">&rarr;<\/span><\/a><\/p>\n","protected":false},"author":1,"featured_media":0,"parent":0,"menu_order":3,"comment_status":"open","ping_status":"open","template":"","meta":{"ngg_post_thumbnail":0,"footnotes":""},"class_list":["post-20","page","type-page","status-publish","hentry"],"_links":{"self":[{"href":"https:\/\/www.xn--lnghedgrden-x8ag.se\/index.php?rest_route=\/wp\/v2\/pages\/20"}],"collection":[{"href":"https:\/\/www.xn--lnghedgrden-x8ag.se\/index.php?rest_route=\/wp\/v2\/pages"}],"about":[{"href":"https:\/\/www.xn--lnghedgrden-x8ag.se\/index.php?rest_route=\/wp\/v2\/types\/page"}],"author":[{"embeddable":true,"href":"https:\/\/www.xn--lnghedgrden-x8ag.se\/index.php?rest_route=\/wp\/v2\/users\/1"}],"replies":[{"embeddable":true,"href":"https:\/\/www.xn--lnghedgrden-x8ag.se\/index.php?rest_route=%2Fwp%2Fv2%2Fcomments&post=20"}],"version-history":[{"count":12,"href":"https:\/\/www.xn--lnghedgrden-x8ag.se\/index.php?rest_route=\/wp\/v2\/pages\/20\/revisions"}],"predecessor-version":[{"id":230,"href":"https:\/\/www.xn--lnghedgrden-x8ag.se\/index.php?rest_route=\/wp\/v2\/pages\/20\/revisions\/230"}],"wp:attachment":[{"href":"https:\/\/www.xn--lnghedgrden-x8ag.se\/index.php?rest_route=%2Fwp%2Fv2%2Fmedia&parent=20"}],"curies":[{"name":"wp","href":"https:\/\/api.w.org\/{rel}","templated":true}]}}